n y is divided by m.
11
Let v = -8 - -1593. Let a(w) = 10*w - 1. Let n be a(1). What is the remainder when (-2)/n + v/45 is divided by 9?
8
Let i = 2 + 1. Suppose i*f - 42 = -2*t, t + f = -0*t + 19. Calculate the remainder when (10/4 - 1)*(42 - (52 - 28)) is divided by t.
12
Let r(w) = w**3 + 8*w**2 - 8*w + 11. Let h be r(-9). Suppose -4*d + 232 = 3*t, 9 = -2*d - 1. Calculate the remainder when t is divided by -1*h*92/(-8).
15
Let y = -141 + 139. What is the remainder when y*(-222)/12 - -2 is divided by 7?
4
Let w(l) = -6*l**2 + 29*l - 11. Let i be w(6). Let j = i + 104. Calculate the remainder when 100 is divided by j.
49
Let t = -231 - -235. Suppose 3*h - 2*l = 905, 0 = -t*h - 2*l + 7*l + 1209. Calculate the remainder when h is divided by 76.
73
Let q = 15791 - 15621. Calculate the remainder when 475 is divided by q.
135
Let n(g) = -g**2 - 10*g - 13. Let b be n(-7). Let v(s) = 9 + 8 - 4*s + b*s + s**2. What is the remainder when 113 is divided by v(-7)?
37
Suppose -12*o + 636 - 36 = 0. Suppose -107 = -4*k - 3*a + 9, 4*k + 5*a = 124. What is the remainder when o is divided by k?
24
Let u = 988 - 835. Calculate the remainder when 283 is divided by u.
130
Suppose -98*s + 11937 = 5861. Let w(n) = 3*n**2 - 10*n + 7. Calculate the remainder when w(8) is divided by s.
57
Let d = -2163 + 1201. Let t(q) = q**2 - 7*q + 10. What is the remainder when t(7) is divided by d/(-296) + (-1)/4?
1
Suppose -50 = -3*u + 4*i, 35*i = 3*u + 40*i - 5. Calculate the remainder when 888 is divided by u.
8
Let r(t) = -3*t**3 + 2*t**2 - 6*t + 17. Let a be r(3). Let q = -1 + 74. Let g = q + a. What is the remainder when 124 is divided by g?
7
Let r be 196/(-48) + (-2)/9*6/(-16). Let f(a) = 8*a - 3. Let y(q) = 20*q - 8. Let z(w) = 12*f(w) - 5*y(w). What is the remainder when 59 is divided by z(r)?
19
Let k(u) = -u**3 + 20*u**2 + 23*u - 43. Let s be k(21). Calculate the remainder when 210 is divided by (-6)/4*(-11 + s).
12
Suppose -5*v + 119 = -1357 - 1439. Calculate the remainder when v is divided by 45.
43
What is the remainder when (-522)/((3/(-2))/1) is divided by (-16)/12*(-45)/4 - -7?
18
Let w = 1707 - 1688. What is the remainder when w is divided by 6?
1
Let m(g) = g + 49. Suppose -14*o = -16*o + 24. Calculate the remainder when m(0) is divided by (o/(-4) + 0)*-3.
4
Suppose 118*t - 199178 = -456*t. What is the remainder when 2411 is divided by t?
329
Suppose 33*q - 98 = 133. Calculate the remainder when 48 is divided by q.
6
Let b = -1018 + 1022. What is the remainder when 68*(-4)/64*-4 is divided by b?
1
Suppose -2*z - z = -15. Suppose -4*j - z*y + 139 = -1462, -1991 = -5*j + 4*y. Calculate the remainder when j is divided by 67.
64
Let j = 25404 - 25098. What is the remainder when 610 is divided by j?
304
Suppose 5*t + 20 = 0, 2*y - 4*t - 2 - 122 = 0. Suppose y = 13*m - 11*m + 5*n, -2*m = -4*n - 18. What is the remainder when 67 is divided by m?
16
Suppose 2*h - 2*o = 3*h + 1, 4*h - 20 = 4*o. What is the remainder when 1466 is divided by h?
2
Let a(p) = p**2 + 38*p - 2437. Calculate the remainder when 822 is divided by a(-73).
114
Let z(g) = 9*g**2 - 12*g + 29. Let u = -10 + 75. What is the remainder when z(5) is divided by u?
64
Suppose -5*g - 3*v = -2*g + 117, -223 = 5*g - 2*v. Let j = g - -95. Let z = -12 + 26. What is the remainder when j is divided by z?
10
Calculate the remainder when 389 is divided by (94/(-141))/(6/(-243)).
11
Let b(i) = 2*i + 3*i + 4 + 25*i**2 - 15*i**2 + i**3. Let f be b(-10). Let c = f - -55. What is the remainder when 22 is divided by c?
4
Suppose 3*l - 58 = 2*w, -4*l + 40 = 40. Let h = -1 + -2. Calculate the remainder when (1 - h - w)*(-6)/(-3) is divided by 23.
20
Let r(k) = 3*k**2 + 445*k - 3048. What is the remainder when r(7) is divided by 212?
2
What is the remainder when 127 - (2 - -18) - (0 + 3) is divided by 15?
14
Let v be 13/((-13)/(-6))*(-10)/(-20). Suppose n + v = 4*p + 34, 76 = n + 5*p. Calculate the remainder when 176 is divided by n.
23
Calculate the remainder when 449 is divided by (-21)/(1134/(-24)) + (-9790)/(-45).
13
Suppose -2*s - 5*j = 61, 6*j + 25 = j. Let r = -68 - -101. Calculate the remainder when r is divided by (-1)/3 - (348/s + 2).
16
Calculate the remainder when 632 + (7 - (2 - 2)) is divided by 19.
12
Let x = -1625 + 1727. What is the remainder when x is divided by 35?
32
Suppose 20064 - 106 = 34*o. What is the remainder when o is divided by 59?
56
Suppose -6 = m - 5*f - 11, 2*m = -f - 1. Suppose m = -12*p + 694 + 2870. What is the remainder when p is divided by 30?
27
Suppose 0*a + 15 = 3*a. Suppose -22*g + 418 = -3*g. Suppose -5*y = -w - 95, 5*y - 95 = 20*w - g*w. Calculate the remainder when y is divided by a.
4
Suppose -14375*h + 1127 = -14368*h. Suppose 3*v - 2*k = -3*k + 3, 0 = -4*v + k - 3. Suppose v = y - 59 + 4. Calculate the remainder when h is divided by y.
51
Suppose 50 + 14 = 2*q. Let r = q + 30. Let i(s) = -32*s**2 - 5667*s - 523. Calculate the remainder when r is divided by i(-177).
6
Let f(w) be the second derivative of w**4/12 - 4*w**3 + 7*w**2 + 55*w. Suppose -3*g + 139 = -20. Calculate the remainder when g is divided by f(24).
11
Let m = 1738 - 1591. Calculate the remainder when m is divided by 30.
27
What is the remainder when 2533 is divided by ((-15933)/(-565))/(2 - (-17)/(-10))?
89
Suppose -i + 58*o = 55*o - 29, -38 = -2*i + 2*o. What is the remainder when 33/44 - 850/(-8) is divided by i?
9
Suppose -3*v - 4*z + 23 = 0, -4*v - 14 + 3 = -3*z. Suppose r + 0*r + 4*d = v, d - 43 = -5*r. Calculate the remainder when r is divided by 4.
1
Suppose 19 = 4*v - 4*l + 7*l, 3*l = -3*v + 15. What is the remainder when 728 is divided by (345/10)/(3/v) - 3?
40
Let u(o) = 615*o + 1627. Let q = 72 - 32. Calculate the remainder when u(-2) is divided by q.
37
Suppose -3*k = -18 + 15. What is the remainder when (-4 + 423/3)*k/1 is divided by 10?
7
Suppose 27*x = 22*x + 1585. Calculate the remainder when x is divided by 23*18/(9 + 0).
41
Let p = -63 + 102. Let c = 32 - p. Calculate the remainder when c/(140/136)*-5 is divided by 4.
2
Let y be 6/(-4) - (-30)/20. Suppose y = -3*u - 3*p + 81, -u + 105 = 4*u - p. Suppose -u*b + 116 = -20*b. What is the remainder when b is divided by 12?
10
Let a = -198 + 372. Let x be 3/(-8) + 351/104. Calculate the remainder when a is divided by 0 - (-60)/40*32/x.
14
Let h be (-688)/(-32) + 6/4. Let v(b) = -18 + h + 2*b + 32. What is the remainder when 43 is divided by v(-6)?
18
Let c be 2/19 - (-1)/(95/29725). Let p = c + -212. Calculate the remainder when p is divided by 34.
33
Let f be 3/15*(-950)/4*-2. Suppose -q + 236 = 4*m, q - f = -2*m + 25. Calculate the remainder when 461 is divided by m.
55
Suppose -8*c + 34 + 326 = 0. Let h = 545 - 428. Suppose 114*y = h*y - c. Calculate the remainder when y is divided by 7.
1
Suppose -121*i - 547 = -2*c - 126*i, 2*i + 14 = 0. Calculate the remainder when 516 is divided by c.
225
Let l(k) = 15*k**2 + 95*k + 1. Calculate the remainder when l(2) is divided by 42.
41
Suppose 916 = -2*p - 76. Let u = -301 - p. What is the remainder when u is divided by 61?
12
What is the remainder when 1*1968 - 594/54 is divided by 151?
145
Suppose 36*w + 9894 - 16600 = 31634. Calculate the remainder when w is divided by 209.
20
Suppose 7*d - s = 11*d - 18, 2*d = s. Suppose 0 = -r + 2. Suppose -u + 3 = 2*o, r*o + 64 = 4*u - 3*o. Calculate the remainder when u is divided by d.
2
Let r(u) = -27*u - 1307. What is the remainder when r(-56) is divided by 57?
34
Suppose 9 = 2*f + 3*k, -16*k - 51 = -4*f - 11*k. Let l(y) = y**2 - 2*y + 21. What is the remainder when l(f) is divided by 29?
26
Let f be ((-24)/5)/(1/5). Let a(u) = -72*u + 654. What is the remainder when (-272)/f + (-2)/(-3) is divided by a(9)?
0
Let g = -146 + 146. Suppose -44*l + 41*l + 57 = g. Calculate the remainder when 61 is divided by l.
4
Suppose -5*t - 5593 = -2*x + 620, 7*x - 21786 = 4*t. What is the remainder when x is divided by 41?
39
Let j = -24412 - -24705. Calculate the remainder when j is divided by 167.
126
Let i(r) = -53*r + 451. Let v(g) = -g**2 - 7*g - 1. Let s be v(-4). Suppose -p = -0*p - s. What is the remainder when i(8) is divided by p?
5
Let z(x) = -x**3 + 6*x**2 - 4*x + 4. Let i(s) = -s**3 - 9*s**2 - 5*s - 34. Let t = 102 - 111. Calculate the remainder when z(4) is